o + 11. Give z(13).
50
Let n(x) = x**3 + 4*x**2 - 21*x - 74. Calculate n(-4).
10
Let b(f) = -f**3 + 11*f**2 + 26*f + 7. Calculate b(13).
7
Let f(y) = -2*y**2 - 14*y - 2. Determine f(-9).
-38
Let s(i) = -7*i + 9. Give s(2).
-5
Let v(h) = -h + 1. What is v(3)?
-2
Let g(s) = 2*s**2 + s - 1. Give g(1).
2
Let l(n) = -n**3 - 5*n**2 - 3*n + 3. What is l(-4)?
-1
Let v(q) = -5*q + 1. Calculate v(-3).
16
Let z(v) = -4*v**2 - 5*v + 6. Determine z(-3).
-15
Let l(k) = -k**2 - 13*k + 28. Give l(-13).
28
Let f(w) = 2*w - 4. Give f(3).
2
Let y(m) = -4*m + 5. Calculate y(1).
1
Let o(r) = -r**3 + 5*r**2 - 8*r + 3. Give o(2).
-1
Let f(b) = b**2 - 13*b - 9. What is f(10)?
-39
Let c(f) = f**2 + 18*f - 179. Give c(7).
-4
Let y(h) = -h - 2. Calculate y(0).
-2
Let p(q) = q**2 + 8*q + 5. What is p(-8)?
5
Let k(v) = -3*v - 12. Give k(-11).
21
Let w(c) = -c**3 - 3*c**2 - c - 7. Determine w(-3).
-4
Let g(i) = i**3 + 18*i**2 + 16*i - 18. Determine g(-17).
-1
Let a(k) = -k**2 - 18*k + 21. What is a(-19)?
2
Let z(f) = 3*f + 19. What is z(-8)?
-5
Let s(n) = n**2 - 13*n + 4. Calculate s(10).
-26
Let l(s) = -2*s**2 + 39*s - 21. Calculate l(19).
-2
Let z(l) = -l**2 + l + 2. Determine z(5).
-18
Let s(w) = -w**3 - 11*w**2 + 26*w + 7. Give s(-13).
7
Let o(r) = r**3 + 4*r**2 - 11*r - 6. Determine o(0).
-6
Let x(n) = n**3 - 4*n**2 - 3*n - 4. Determine x(4).
-16
Let f(m) = m + 11. Calculate f(-5).
6
Let s(f) = -f**2 - 25*f - 61. What is s(-22)?
5
Let f(h) = h**3 + 3*h**2 - 44*h + 9. What is f(5)?
-11
Let c(i) = i**2 - 4*i + 12. Calculate c(3).
9
Let q(p) = -p - 40. Calculate q(-24).
-16
Let z(a) = -2*a**2 + 11*a + 1. Give z(3).
16
Let a(v) = v**3 - 7*v**2 - 2*v + 3. What is a(7)?
-11
Let h(o) = -o**2 + 7*o - 1. Determine h(7).
-1
Let f(c) = c**3 - 8*c**2 - 4*c + 6. Determine f(8).
-26
Let p(i) = -i**3 + 15*i**2 - 27*i - 15. Give p(12).
93
Let s(a) = 2*a**2 - 41*a + 23. What is s(20)?
3
Let f(z) = z**3 + 8*z**2 + 12*z - 9. What is f(-6)?
-9
Let a(n) = -6*n**2 - 74*n - 18. Give a(-12).
6
Let a(t) = -4*t + 27. Give a(7).
-1
Let m(z) = z**2 + 7*z + 9. What is m(-4)?
-3
Let z(w) = 10*w + 30. Give z(-3).
0
Let q(p) = 4*p - 21. Give q(6).
3
Let o(n) = -n**2 + 12*n + 9. Give o(10).
29
Let g(y) = y**3 - 52*y**2 - 4. Determine g(52).
-4
Let c(g) = -3*g**3 - 17*g**2 + 5*g - 1. Calculate c(-6).
5
Let t(v) = 7*v + 37. What is t(-6)?
-5
Let o(q) = q**2 + 11*q + 11. Determine o(-7).
-17
Let r(w) = -w**2 + 17*w - 43. Calculate r(15).
-13
Let u(x) = -x**2 + 3. What is u(2)?
-1
Let v(q) = 2*q**3 - 4*q**2 - 10*q - 1. Calculate v(-2).
-13
Let d(y) = 2*y**2 + 4*y + 6. What is d(-2)?
6
Let d(y) = 5*y + 201. Calculate d(-38).
11
Let g(m) = m**2 + 2*m + 3. Give g(-4).
11
Let i(y) = 5*y**3 + y**2 - 2*y - 1. What is i(-2)?
-33
Let c(u) = -u**2 + 9*u - 2. What is c(8)?
6
Let c(j) = 8*j - 16. Calculate c(7).
40
Let v(a) = -2*a - 26. Determine v(-13).
0
Let a(q) = -3*q**2 - 3*q + 3. Give a(1).
-3
Let m(z) = 8*z**3 - 6*z - 3. Determine m(-2).
-55
Let i(k) = -k**2 - 3*k - 3. Give i(-3).
-3
Let i(t) = -t**2 + 5*t + 22. What is i(10)?
-28
Let i(u) = u**3 - 3*u**2 - 4*u - 8. Determine i(4).
-8
Let o(w) = w - 22. What is o(8)?
-14
Let s(x) = x**3 - 8*x**2 + 3*x - 7. Calculate s(7).
-35
Let t(p) = 6*p**2 + 4*p - 3. What is t(1)?
7
Let y(s) = s**3 - s**2 - 4. Determine y(0).
-4
Let h(k) = k**2 - 6*k + 3. What is h(6)?
3
Let f(m) = -m**3 - 15*m**2 + m + 13. Calculate f(-15).
-2
Let j(m) = m**2 - 7. Calculate j(-4).
9
Let p(j) = -8*j + 44. What is p(6)?
-4
Let m(j) = j**2 - 28*j - 72. What is m(30)?
-12
Let g(t) = -2*t**3 - 6*t**2 + 3*t + 7. Determine g(-3).
-2
Let u(p) = 26*p**2 + 313*p + 17. Calculate u(-12).
5
Let s(h) = -2*h**3 + 116*h**2 - 2*h + 141. What is s(58)?
25
Let t(x) = 7*x**3 + x**2 - x + 1. What is t(0)?
1
Let a(v) = -v - 9. Determine a(-10).
1
Let s(b) = b**2 - 12*b - 14. Give s(10).
-34
Let k(o) = 3*o**3 + o**2 - 4*o - 4. What is k(-1)?
-2
Let k(n) = n**3 + 7*n**2 + 5*n - 33. Determine k(-5).
-8
Let w(z) = z**2 - 4*z - 47. Determine w(9).
-2
Let y(d) = -d**2 - 4*d - 4. Give y(-6).
-16
Let d(l) = l**3 - 9*l**2 + 10*l + 11. What is d(8)?
27
Let p(l) = 22*l - 270. Give p(12).
-6
Let p(j) = -j**3 - 46*j**2 - 5. Give p(-46).
-5
Let r(w) = -3*w**2 + 15. Calculate r(4).
-33
Let t(k) = k**2 - 7*k - 12. Determine t(9).
6
Let k(u) = u**2 + 12*u + 9. What is k(-11)?
-2
Let l(v) = -5*v**2 + 6*v. What is l(4)?
-56
Let t(w) = -w**3 + 6*w**2 + 3*w - 9. Determine t(6).
9
Let r(n) = -5*n**2 - 35*n - 10. Give r(-7).
-10
Let u(x) = x**2 + 13*x + 26. Calculate u(-9).
-10
Let g(o) = o - 2. Give g(8).
6
Let g(f) = -2*f**2 - 5*f + 2. Determine g(-4).
-10
Let w(f) = -f**3 + 8*f**2 - 3*f + 4. Calculate w(9).
-104
Let z(c) = -c**3 - 28*c**2 - 24*c + 74. What is z(-27)?
-7
Let x(w) = 2*w + 33. Determine x(-15).
3
Let k(j) = -11*j + 17. Calculate k(6).
-49
Let m(l) = 11*l + 25. Calculate m(-4).
-19
Let p(x) = x**3 - 9*x**2 - 13*x + 20. What is p(10)?
-10
Let k(b) = b**2 + 2*b + 3. What is k(-3)?
6
Let t(f) = f**3 + 17*f**2 + 17*f + 12. Give t(-16).
-4
Let l(h) = -h**3 + 4*h**2 - 6*h + 13. Calculate l(4).
-11
Let g(v) = -31*v + 209. Calculate g(7).
-8
Let v(d) = 2*d**2 + 20*d - 1. Determine v(-10).
-1
Let k(q) = q**3 + 15*q**2 - 34*q + 21. Give k(-17).
21
Let o(g) = 6*g - 8. Give o(-10).
-68
Let u(q) = q**3 - 16*q**2 + 14*q + 33. Give u(15).
18
Let r(b) = b**3 - 7*b**2 + 4*b - 5. What is r(5)?
-35
Let n(g) = g**2 + 4*g + 3. What is n(-7)?
24
Let j(r) = r**3 - 12*r**2 + 26*r + 18. What is j(9)?
9
Let v(k) = -27*k**3 + 7*k**2 - 8*k + 2. Give v(1).
-26
Let l(k) = 28*k - 59. Calculate l(3).
25
Let s(g) = g**3 - 5*g**2 - 5*g + 8. Give s(6).
14
Let r(v) = -3*v + 3. Calculate r(-8).
27
Let h(b) = -27*b**3 + 2*b**2 + b. Calculate h(-1).
28
Let x(p) = p**3 - 9*p**2 + 4*p + 8. What is x(8)?
-24
Let n(f) = 26*f + 315. Determine n(-12).
3
Let f(t) = -4*t**2 - 31*t - 57. Determine f(-2).
-11
Let z(g) = -g**3 - 9*g**2 - 17*g + 11. Determine z(-6).
5
Let c(x) = -x**2 + 6*x. Give c(5).
5
Let f(y) = y**3. What is f(1)?
1
Let d(z) = 2*z**2 + 8*z. Determine d(-4).
0
Let d(n) = -2*n**2 + 20*n + 1. Give d(11).
-21
Let t(w) = w**3 - 9*w**2 + 19*w - 1. Determine t(6).
5
Let j(c) = c + 9. What is j(-3)?
6
Let k(q) = -4*q**2 + 11*q - 18. What is k(2)?
-12
Let t(l) = l**3 - 13*l**2 + 12*l + 14. Calculate t(12).
14
Let o(y) = y - 22. Determine o(5).
-17
Let m(j) = j**3 - 14*j**2 + 14*j - 16. Calculate m(13).
-3
Let q(t) = t**2 - 2*t - 64. What is q(-7)?
-1
Let y(u) = 2*u**2 + 4*u - 3. Determine y(-6).
45
Let a(f) = 2*f**3 - 4*f**2 - 2*f + 6. Give a(4).
62
Let p(t) = -t**3 - 12*t**2 + 14*t + 19. What is p(-13)?
6
Let c(d) = -d**2 + 5*d + 2. Determine c(7).
-12
Let z(v) = 2*v + 5. What is z(4)?
13
Let u(p) = -6*p + 150. Determine u(24).
6
Let f(k) = -49*k + 16. What is f(4)?
-180
Let f(g) = -10*g**2 + g - 1. Determine f(1).
-10
Let m(s) = -s - 7. What is m(0)?
-7
Let x(b) = 2*b + 9. Calculate x(0).
9
Let a(q) = -10*q**2 + q + 1. Calculate a(-3).
-92
Let m(t) = t - 6. What is m(-7)?
-13
Let v(p) = -p**3 - 2*p**2 + p + 2. What is v(-3)?
8
Let r(v) = 4*v**3 + 42*v**2 + 26*v + 55. Calculate r(-10).
-5
Let k(n) = -n**3 + 10*n**2 - 18*n + 12. Give k(8).
-4
Let o(r) = -r**2 - r - 6. Give o(3).
-18
Let o(x) = x**2 - 2*x - 20. Determine o(4).
-12
Let y(q) = -q**2 - 10*q + 1. Give y(-10).
1
Let v(d) = 14*d + 51. Give v(-12).
-117
Let o(v) = v**3 - 8*v**2 + 8*v - 2. Calculate o(6).
-26
Let u(l) = l + 1. Determine u(7).
8
Let g(j) = j**3 + 8*j**2 + 6*j + 1. Calculate g(-8).
-47
Let k(q) = -q**3 + 18*q**2 + q - 17. Give k(18).
1
Let w(d) = 2*d**2 + 11*d + 4. Determine w(-7).
25
Let h(w) = w**2 + 8*w + 5. Determine h(-4).
-11
Let c(g) = -4*g**3 + 70*g**2 - 35*g + 23. Give c(17).
6
Let d(m) = -m**2 - 8*m - 9. What is d(-3)?
6
Let l(r) = -r + 2. What is l(2)?
0
Let l(r) = r**3 - 7*r**2 - 78. Determine l(8).
-14
Let n(w) = w**2 + 8*w - 16. Give n(-10).
4
Let o(q) = q**3 - 6*q**2 + 8*q + 1. Give o(6).
49
Let m(f) = f + 21. Determine m(-10).
11
Let x(v) = -9*v - 29. Give x(-3).
-2
Let d(k) = 10*k + 14. What is d(-3)?
-16
Let o(p) = -p**3 + 14*p**2 - 12*p - 13. Calculate o(13).
0
Let b(q) = q**3 + 1. What is b(-3)?
-26
Let w(q) = q**2 + 2*q + 6. What is w(-3)?
9
Let k(n) = 2*n**3 - n**2 - 6*n. What is k(-2)?
-8
Let y(t) = -15*t**2 + 7*t + 8. What is y(-1)?
-14
Let h(v) = -v**